its digit of a(18)?
4
Let z(o) = -2*o**3 + 10*o - 129. What is the hundreds digit of z(-14)?
2
Suppose 0 = -4*b + 4*f - 4, 0 = 4*b - 0*f + 3*f - 17. Suppose 0*q - b = -2*q. What is the units digit of (q + -91)/(7/(-7))?
0
Suppose 2 + 0 = -f. Let g = f + 18. Suppose 31 - g = 5*t. What is the units digit of t?
3
Suppose -h + 5*k = 28, 1 = 2*h - 2*k + 25. Let t = -24 - h. Let o = t + 171. What is the hundreds digit of o?
1
What is the units digit of 39025/4 + ((-19)/(-4))/(-19)?
6
Let n be 19/6 + (-3)/18. Let k(v) = 0 - 2 + 2 - 5 - n*v. What is the units digit of k(-8)?
9
Suppose -7*r = -223 + 83. Suppose 2*y = 7*y - r. Suppose 6*t - o = 5*t + 102, -2*t + 204 = y*o. What is the units digit of t?
2
Suppose -19*q + 322065 = -76973. What is the tens digit of q?
0
Let u = -93 - -91. What is the hundreds digit of (18/(-36))/(u/1436)?
3
Let s = 5482 + -3736. Suppose 7*v - 16*v = -s. What is the hundreds digit of v?
1
Let i = 28555 + -2534. What is the ten thousands digit of i?
2
Suppose 5*q - q = -3*f + 75, q + 2*f = 25. Let w = 46 + q. What is the units digit of w?
1
Suppose 0*y = 2*y + 216. Let u be (4/(-40)*52)/(18/315). Let b = u - y. What is the tens digit of b?
1
Let z be (-2)/(-2) - 4*7/28. Let g be (-9)/(-12) - (-10)/8. Suppose -g*b + 108 = -d, z*d - d + 48 = b. What is the units digit of b?
2
Suppose 132*t = 50*t + 88150. What is the units digit of t?
5
Let m = -194 + 281. Suppose -2016 = 85*w - m*w. What is the hundreds digit of w?
0
Let a = -69 - -144. Suppose 0*m - m = -2*q - 4, -a = -5*m - q. Let o(j) = j**2 - 5*j + 6. What is the hundreds digit of o(m)?
1
Let v = 465 - 460. Suppose f + v*k - 306 = 0, 15*f + 1440 = 20*f - 5*k. What is the units digit of f?
1
Suppose -26*k + 197736 = -2*k. What is the units digit of k?
9
Let r be ((-30)/9 - -4)*-3. Let f be -5 - (-7 + 2 - r). What is the tens digit of 1/f + (-180)/(-8)?
2
What is the tens digit of (-752346)/(-60) - 4/40?
3
Suppose -58*j - 12 = -61*j. Suppose j*i = 2*t - 230, -4*i - 50 = 2*t + 176. Let h = i + 107. What is the tens digit of h?
5
Let w(x) = -4*x**2 - 52*x - 112. Let p(t) = 11*t**2 + 154*t + 336. Let z(y) = -3*p(y) - 8*w(y). What is the units digit of z(-33)?
7
Let j(f) = 14*f**2 - 188*f + f**3 + 188*f - 31. What is the hundreds digit of j(-11)?
3
Suppose -13 + 53 = 5*p. Suppose l + p = -l, -3*l + 23 = -5*b. What is the units digit of 7/(b/(-88)) - (3 - 1)?
6
Suppose 187 = -4*n - 37. Let s = n - -54. What is the units digit of (-98)/s + 0/6?
9
Let z = -4110 + 12635. What is the units digit of z?
5
Let j be (5 + -11)*(-1005)/(-9). Let b = 1292 + j. What is the units digit of b?
2
Let y(u) = -160 - 18*u + u**3 + 160 - 19*u**2. Suppose 3*d - 120 = -3*d. What is the tens digit of y(d)?
4
Let h(y) = -584*y**3 - 3*y**2 - 2*y. Let d be h(-1). Suppose 0 = -4*z + 2323 - d. What is the units digit of z?
5
Let y(v) = -1614*v - 594. What is the ten thousands digit of y(-13)?
2
Suppose 2*o - 12 = -3*t + 71, 3*o + 2*t - 117 = 0. What is the units digit of (o + 8)*(-8)/(-10)?
6
Let p(j) = -3*j**2 - 22*j + 11. Let h be p(-8). What is the units digit of 1518*(-1)/h*(-30)/(-18)?
6
Let g be 42/(-28)*(-2 - -18)/2. Let q be 48/g - -6*1. Suppose -q - 542 = -4*l. What is the units digit of l?
6
Let q(s) = -15*s + 5*s + 162 - 2*s + 59. What is the units digit of q(-36)?
3
Suppose -3 = c - 1. Let y be (-1)/(-2)*0/(c + -1). Suppose y = -10*z + 9*z + 46. What is the units digit of z?
6
Suppose 51*f + 39*f + 308584 = 124*f. What is the tens digit of f?
7
Suppose -7*k - 9 = -9. Suppose k = 2*c - 816 + 180. What is the units digit of c?
8
Let p(a) = -2 + 0*a - 6 + a. Let x be p(10). Suppose -6*b + x*b - 4*i = -60, -70 = -4*b + i. What is the tens digit of b?
1
Let q be 1/(-16) + (-89848)/128. What is the hundreds digit of ((-25)/(-75))/((-2)/q)?
1
Suppose 2*s + 3*b - 21 = 0, -4*b = 2*s - 96 + 70. Let a be -2*2/(-2) - -1. Suppose -s*l + 118 = a*w + 2*w, 16 = -4*w. What is the tens digit of l?
4
Suppose 4*l - 5*t = 175, 3*t - 4*t = 3. What is the tens digit of (328/10)/(16/l)?
8
Suppose 46*b - 203717 = -54447. What is the tens digit of b?
4
Suppose 5*o = -k + o + 1140, -5*k - 4*o = -5684. Suppose -k = -4*i - 3*a, 5*i + a - 1427 = -a. What is the units digit of i?
7
Suppose -5*o + 41108 - 11524 = 3*o. What is the tens digit of o?
9
Let j(k) = -276*k**3 + 5*k**2 - 4. Let w be 2/14 - ((-710)/(-70) - 9). What is the tens digit of j(w)?
7
Let o(b) = b**2 + 12*b + 11. Let r(z) = -z**3 + 9*z**2 + 9*z + 27. Let t be r(10). Suppose -2*k - t = 7. What is the units digit of o(k)?
1
Let i = -116 + 148. Suppose 11799 + 5737 = i*b. What is the units digit of b?
8
What is the thousands digit of (-1 - (59902 + -3))*(-270)/360?
4
Suppose 3*m - 32593 = -j, 29075 = 2*m - j + 7338. What is the tens digit of m?
6
Suppose 11*v - 175122 = -4*q + 9*v, 3*v = -2*q + 87559. What is the units digit of q?
1
Let c(j) = -56*j - 131. Let n(q) = 17*q + 42. Let b(s) = -2*c(s) - 7*n(s). Let l be -1 - 0 - -3 - 22. What is the units digit of b(l)?
8
Let z be 32/14 + 20/(-70) - -2. Suppose -z*y - 2662 = -8*y + o, 4*y - 5*o = 2654. What is the units digit of y?
6
Let p(z) = 11*z**3 + 14*z**2 - 39*z + 9. What is the thousands digit of p(9)?
8
Suppose -4*w - 5*u + 187096 = 0, -4*w + 41*u - 43*u + 187096 = 0. What is the units digit of w?
4
Let j(r) = -123*r + 454. What is the thousands digit of j(-8)?
1
Suppose -2*m = -9*m + 196. Let p = m + -27. What is the units digit of 9/(12/66*p/2)?
9
Suppose 0 = -k - 3*t + 128, 9*k - 3*t - 1277 = -5*t. Let q(r) = r**2 + 6*r + 7. Let u be q(-5). What is the tens digit of (u - -1) + k + -3?
4
What is the thousands digit of (-4240)/420 + 10 - 936245/(-21)?
4
Let z(p) = 4*p**2 - 2*p + 6. Let l be z(0). Suppose -3*v = -v - l. Suppose -56 = v*n - 71. What is the units digit of n?
5
Suppose 20*p + 31*p - 5*p = 492614. What is the tens digit of p?
0
Suppose -26820 = 136*p - 154*p. What is the tens digit of p?
9
Let j = 123 - 105. Suppose -j*h + 10542 = 2352. What is the hundreds digit of h?
4
Let z be (1 - 7/5) + 798/(-105). What is the units digit of (-1314)/z + ((-126)/(-24))/7?
5
Suppose -8*f + 2192 = 4*m - 4*f, 5*f - 15 = 0. Suppose -2*y - m = -7*y. Let a = -48 + y. What is the units digit of a?
1
What is the hundreds digit of ((-8)/(-6))/(1859740/185970 + -10)?
1
What is the units digit of ((-7)/(5 + -40))/((-13)/(-851435))?
9
Suppose -5*l = 4*p - 69946, -5*l = -2*p + 36116 - 1098. What is the tens digit of p?
9
What is the ten thousands digit of (-1*1993/1)/(16695/441 + -38)?
1
Suppose 4174401 = 99*x + 122*x + 10*x. What is the hundreds digit of x?
0
Suppose 0 = -17*g + 112728 + 44709 - 19448. What is the thousands digit of g?
8
Let c = 41137 + -28755. What is the ten thousands digit of c?
1
Suppose 5*y - 5 = 3*b, -4*b - 4*y = -7*y - 8. Suppose -2*x - p + 256 = -3*p, -b*x + 640 = -2*p. What is the hundreds digit of x?
1
Let y(t) = t**3 - 17*t**2 + 14*t + 31. Let h be y(16). Let w(d) be the second derivative of -95*d**3/3 - d**2 - 5*d. What is the hundreds digit of w(h)?
1
Let j be (9*156/(-9))/(-2). Suppose -66912 = -j*v + 10*v. What is the hundreds digit of v?
9
Let n = 0 - -3. Let o(r) = -45*r + 96. Let k be o(-1). Suppose 4*j - 280 = -2*d, -n*d + 283 = 2*j - k. What is the units digit of d?
2
Suppose -4 = 2*n, n - 2 + 4 = 3*x. What is the tens digit of 0 + 367 + x/(1 + 1)?
6
Let f(g) = -82*g - 10. Let d be f(-7). Suppose 4*w + 3*k - d = 0, k = -w + 84 + 57. Suppose 2*a - w + 11 = 0. What is the tens digit of a?
6
Let g be 10 - -6*2/(-3). Suppose g*s - 2*s - 132 = 0. What is the tens digit of (-7 - -7) + (s - 1)?
3
Suppose -4*v - 2*r = -192682, -v + 93*r = 89*r - 48148. What is the tens digit of v?
6
Let w(a) = -a**2 + 29*a - 205. Let h be w(17). What is the tens digit of h/((-17130)/8560 + 2)?
5
Let b = 60 + -62. Let z be 24/(-84) - b/7. Suppose -o - 6*o + 651 = z. What is the tens digit of o?
9
Suppose 5*j = 3*j + 4. Suppose -5*l + j*v + 30 = 0, -5*v + 0 = 4*l + 9. Suppose -l*g = -g - 126. What is the units digit of g?
2
Let g(l) = -l**3 + 13*l**2 - 11*l + 44. Let o be ((-414)/(-92))/(0 - 2/(-4)). What is the tens digit of g(o)?
6
Let i = -327 - 3. Let d = i - -567. What is the hundreds digit of d?
2
Let z(f) = f**3 - 6*f**2 + 8*f + 40. Let n be (69/15 - 1)*(-20)/(-8). What is the units digit of z(n)?
